111000001011010111001
Convert 3c98c (base 15) to base 9.
325756
25a5 (base 14) to base 6
50341
Convert -4033042112 (base 5) to base 7.
-125551023
-759c (base 16) to base 6
-351220
Convert 5a42b (base 13) to base 15.
34078
What is 31c945 (base 13) in base 7?
12643123
-4b47a (base 12) to base 4
-121003132
What is 135101 (base 7) in base 12?
12abb
What is 1100100100111010011001 (base 2) in base 3?
20012111112012
-23313323123 (base 4) to base 12
-106138b
Convert 8154063 (base 9) to base 14.
811d3d
What is -516624 (base 8) in base 10?
-171412
-3151355 (base 6) to base 11
-a6160
-a02ca (base 15) to base 2
-1111011110000001010
What is -40132440 (base 7) in base 5?
-1322202332
352536 (base 8) to base 9
202738
368264 (base 9) to base 14
5b177
-be976 (base 16) to base 12
-317932
Convert 12052 (base 9) to base 5.
224231
Convert 6baba (base 15) to base 11.
214a21
What is 86229 (base 10) in base 12?
41a99
What is -3b13b (base 14) in base 4?
-203210101
Convert 6001035 (base 8) to base 11.
985139
What is -14dcd (base 16) in base 3?
-11100012221
-4615377 (base 8) to base 9
-2317486
-20011001211210 (base 3) to base 11
-1932926
-386185 (base 13) to base 15
-1bbad7
-2431212311 (base 5) to base 13
-1256352
-115330344 (base 7) to base 4
-123212031120
-933aa (base 11) to base 14
-3791b
Convert 10221102211 (base 3) to base 10.
77593
What is 2481688 (base 11) in base 9?
8083488
Convert -1010001000010001111111 (base 2) to base 14.
-4d19a7
Convert 372343 (base 9) to base 13.
7b435
bcc036 (base 13) to base 15
5ce7ae
11958 (base 10) to base 7
46602
What is 20323233121 (base 4) in base 8?
10735731
Convert 30620 (base 11) to base 15.
d381
-1c8441 (base 16) to base 6
-104020053
What is 1952620 (base 10) in base 16?
1dcb6c
Convert -3044142441 (base 5) to base 10.
-6240371
1312022201 (base 4) to base 11
300701
-110212110201 (base 3) to base 12
-10270a
Convert 1643443 (base 9) to base 7.
10526160
What is 487874 (base 13) in base 5?
420333421
What is 11648067 (base 10) in base 8?
54336103
-54d26 (base 14) to base 12
-9b006
1211430330 (base 6) to base 12
47553a6
Convert -3322233020 (base 5) to base 10.
-7227260
1145232 (base 6) to base 13
21890
Convert 253842 (base 15) to base 4.
12303200312
Convert -112573a (base 11) to base 12.
-7ab87b
11101101000101010100010 (base 2) to base 6
434302214
What is 32674a1 (base 11) in base 3?
101210100022111
What is -21c86 (base 16) in base 14?
-385dc
What is -276881 (base 11) in base 7?
-3454143
Convert 526e4a (base 16) to base 11.
305a819
-11110110110111100 (base 2) to base 16
-1edbc
What is -2935a (base 11) in base 7?
-232354
What is d5d8e (base 15) in base 11?
423488
1201477 (base 11) to base 7
23545340
Convert -20e43a (base 15) to base 8.
-5764353
-47624 (base 15) to base 16
-378b5
Convert -29e10 (base 16) to base 11.
-107972
What is -669678 (base 13) in base 11?
-140320a
Convert 1481aa6 (base 12) to base 5.
2030303434
What is -11314042 (base 7) in base 10?
-995416
-b9010 (base 13) to base 3
-121222002210
What is 2224133230 (base 5) in base 4?
102233021022
What is 452c5 (base 14) in base 3?
22112101100
What is 768a9 (base 11) in base 6?
2220252
What is 110301210111 (base 4) in base 10?
5445909
-234046 (base 9) to base 10
-140739
-48ae89 (base 15) to base 11
-1a67249
What is -1010112021 (base 3) in base 9?
-33467
What is -5ae903 (base 16) in base 8?
-26564403
1212133323 (base 4) to base 5
101413320
Convert 8404 (base 14) to base 13.
a473
223031323 (base 4) to base 12
86537
What is -17dab1a (base 14) in base 11?
-6746054
Convert -3a66ca (base 13) to base 8.
-5311333
What is 30402236 (base 7) in base 6?
130225032
What is -1001001100101001100 (base 2) in base 14?
-7bb9a
Convert 1209a (base 12) to base 8.
57366
Convert -110032302332 (base 4) to base 10.
-5303486
What is 165076 (base 11) in base 14?
69239
-130230212100 (base 4) to base 12
-2629500
-7037a5 (base 14) to base 9
-7082587
What is 21110234 (base 6) in base 11?
390642
What is -16a0a0 (base 13) in base 4?
-2021320113
Convert 563761 (base 10) to base 14.
109649
-111033300021 (base 4) to base 12
-1a47149
Convert -375589 (base 10) to base 9.
-632181
What is -22152354 (base 6) in base 2?
-10100011000101101110
25143512 (base 7) to base 8
10503761
Convert 21111202002 (base 3) to base 7.
1153622
Convert 112042 (base 7) to base 8.
46724
5242412 (base 9) to base 7
32554001
What is -2521260 (base 9) in base 7?
-14443365
Convert 81814 (base 12) to base 7.
1302040
Convert -12000222022122 (base 3) to base 2.
-1010001101011010101000
-134513441 (base 6) to base 16
-29eaa1
What is 1ba58c4 (base 13) in base 16?
8c8533
What is 20120231 (base 4) in base 7?
202100
What is 5408a5 (base 11) in base 12?
358632
Convert 1328858 (base 13) to base 6.
332543335
Convert -62a185 (base 12) to base 5.
-344130424
Convert -7026596 (base 10) to base 9.
-14188608
ba6d3 (base 14) to base 2
1101110001100110001
What is -156536005 (base 7) in base 3?
-202002200112221
-10101101010010110 (base 2) to base 12
-4341a
What is -101234104 (base 5) in base 15?
-82e04
Convert 177320 (base 9) to base 15.
22a60
What is 1502554 (base 6) in base 4?
111002212
What is 1958c2 (base 14) in base 10?
899026
-20201220010 (base 3) to base 12
-648a0
Convert -46020 (base 8) to base 6.
-230052
Convert -98a15 (base 11) to base 12.
-6b163
What is 2200202202 (base 3) in base 12?
26848
Convert 5a0041 (base 15) to base 10.
4303186
Convert -2432255 (base 6) to base 4.
-133131023
What is 1204420 (base 5) in base 12?
11019
What is 2d19ac (base 15) in base 10?
2182437
163667 (base 11) to base 2
111101111011111001
What is -626360 (base 7) in base 10?
-107891
Convert -2663726 (base 12) to base 6.
-430444450
Convert 22800 (base 15) to base 8.
326350
What is 914a21 (base 11) in base 10?
1470657
What is 407639 (base 14) in base 16?
212353
Convert 428ee (base 15) to base 9.
351728
f445 (base 16) to base 10
62533
20112101110 (base 3) to base 8
373112
What is -103131131121 (base 4) in base 11?
-2974838
What is -10000100000101000001 (base 2) in base 6?
-15332333
-1a2b93 (base 15) to base 3
-2101202221210
What is 11001001111110111011110 (base 2) in base 15?
8ab0e5
What is 111000011100001001101 (base 2) in base 14?
361db7
Convert -e93ffa (base 16) to base 5.
-12403130031
Convert -1022031222 (base 4) to base 13.
-a848c
-851bea (base 16) to base 6
-510550134
What is -256030 (base 9) in base 12?
-75a60
Convert 10041101020 (base 5) to base 15.
d46a90
-7420251 (base 9) to base 11
-227147a
Convert -2400240100 (base 5) to base 6.
-313222525
Convert -130444402 (base 5) to base 4.
-2130121122
-67347 (base 14) to base 5
-31002410
What is 15445583 (base 9) in base 12?
26b7b03
What is -4254754 (base 8) in base 12?
-46a090
Convert -42405222 (base 6) to base 13.
-347aa4
-2334a (base 13) to base 3
-10021011211
66033506 (base 8) to base 6
1223413302
Convert 1334344223 (base 5) to base 14.
655801
What is -1369a41 (base 13) in base 14?
-b593a2
What is -34414521 (base 8) in base 14?
-dc90d3
Convert -1019770 (base 13) to base 9.
-10152161
-26618 (base 15) to base 13
-43c0a
453836 (base 10) to base 8
1566314
What is -10536930 (base 10) in base 11?
-5a47608
-4017066 (base 8) to base 11
-661692
What is 7151c (base 16) in base 7?
3642140
-41378 (base 11) to base 10
-60343
Convert 16248 (base 11) to base 7.
123553
Convert -4a6a9 (base 13) to base 10.
-137367
Convert -794277 (base 14) to base 4.
-33232112001
27acfa (base 16) to base 6
131421522
-10101202112 (base 3) to base 8
-202515
213425541 (base 6) to base 5
1434022432
-220787 (base 9) to base 2
-100000001100011010
What is 2003030121 (base 4) in base 3?
1000022010120
What is -441252 (base 7) in base 3?
-10221001100
577349 (base 13) to base 8
7717423
What is 1443bb6 (base 14) in base 12?
3369444
-1430333323 (base 5) to base 8
-16263061
12067767 (base 10) to base 13
2666aba
-1a461b (base 14) to base 3
-1202110102120
1011531 (base 6) to base 2
1011110011101111
What is -138464 (base 13) in base 16?
-740ae
-641045 (base 9) to base 8
-1350574
What is 366214 (base 7) in base 2?
10000010110110010
Convert 201401030 (base 5) to base 6.
25203431
Convert 220c4 (base 14) to base 4.
110020330
10113111130 (base 4) to base 2
100010111010101011100
-640873 (base 9) to base 5
-44200002
1084c7 (base 13) to base 15
7a708
Convert 5a030 (base 14) to base 8.
65